{"id":463,"date":"2024-11-28T22:01:57","date_gmt":"2024-11-28T22:01:57","guid":{"rendered":"https:\/\/tao-foods.com\/shop\/?post_type=product&#038;p=463"},"modified":"2025-10-20T11:37:32","modified_gmt":"2025-10-20T11:37:32","slug":"bottlegreen-tropical-mango-passionfruit","status":"publish","type":"product","link":"https:\/\/tao-foods.com\/shop\/product\/bottlegreen-tropical-mango-passionfruit\/","title":{"rendered":"<span style=\"font-size: 23px; line-height:27px\">Bottle Green Tropical Mango &#038; Passionfruit<br>bax 6 x 500ml<\/span>"},"content":{"rendered":"<p><span class=\"HwtZe\" lang=\"ro\"><strong><span class=\"jCAhz ChMk0b\"><span class=\"ryNqvb\">INGREDIENTE:<\/span><\/span><\/strong><\/span><\/p>\n<p><span class=\"HwtZe\" lang=\"ro\"><span class=\"jCAhz ChMk0b\"><span class=\"ryNqvb\">Zah\u0103r, ap\u0103 de izvor Cotswold, fructoz\u0103, suc de mere din concentrat (7%), suc de mango din concentrat (6%), suc de fructul pasiunii din concentrat (2%), acid citric, arome naturale.<\/span><\/span><\/span><\/p>\n<p><span class=\"HwtZe\" lang=\"ro\"><span class=\"jCAhz ChMk0b\"><span class=\"ryNqvb\">F\u0103r\u0103 culori, arome \u0219i \u00eendulcitori artificiali.<\/span><\/span><\/span><\/p>\n<p><strong><span class=\"HwtZe\" lang=\"ro\"><span class=\"jCAhz ChMk0b\"><span class=\"ryNqvb\">Informa\u021bii nutri\u021bionale:<\/span><\/span><\/span><\/strong><\/p>\n<p><span class=\"HwtZe\" lang=\"ro\"><span class=\"jCAhz ChMk0b\"><span class=\"ryNqvb\">la 100 ml c\u00e2nd este diluat 1 parte cordial cu 14 p\u0103r\u021bi ap\u0103<\/span><\/span><\/span><\/p>\n<ul>\n<li style=\"text-align: left;\"><span class=\"HwtZe\" lang=\"ro\"><span class=\"jCAhz ChMk0b\"><span class=\"ryNqvb\">Energie 79kj\/19kcal<\/span><\/span><\/span><\/li>\n<li style=\"text-align: left;\"><span class=\"HwtZe\" lang=\"ro\"><span class=\"jCAhz ChMk0b\"><span class=\"ryNqvb\">Grasimi 0g <\/span><\/span> <span class=\"jCAhz ChMk0b\"><span class=\"ryNqvb\">din care saturate 0g<\/span><\/span><\/span><\/li>\n<li style=\"text-align: left;\"><span class=\"HwtZe\" lang=\"ro\"><span class=\"jCAhz ChMk0b\"><span class=\"ryNqvb\">Carbohidra\u021bi 4,5 g<\/span><\/span><\/span><\/li>\n<li style=\"text-align: left;\"><span class=\"HwtZe\" lang=\"ro\"><span class=\"jCAhz ChMk0b\"><span class=\"ryNqvb\">Zaharuri 4,4g<\/span><\/span><\/span><\/li>\n<li style=\"text-align: left;\"><span class=\"HwtZe\" lang=\"ro\"><span class=\"jCAhz ChMk0b\"><span class=\"ryNqvb\">Amidon 0g<\/span><\/span><\/span><\/li>\n<li style=\"text-align: left;\"><span class=\"HwtZe\" lang=\"ro\"><span class=\"jCAhz ChMk0b\"><span class=\"ryNqvb\">Proteina 0g<\/span><\/span><\/span><\/li>\n<li style=\"text-align: left;\"><span class=\"HwtZe\" lang=\"ro\"><span class=\"jCAhz ChMk0b\"><span class=\"ryNqvb\">Sare 0g<\/span><\/span><br \/>\n<\/span><\/li>\n<\/ul>\n","protected":false},"excerpt":{"rendered":"<p>Suc de mango \u0219i suc exotic de fructul pasiunii,\u00a0 ingredientul perfect pentru cocktailuri de inspira\u021bie tropical\u0103. Pur \u0219i simplu dilua\u021bi dup\u0103 gust cu ap\u0103 plat\u0103\/ minerala sau \u00eencerca\u021bi s\u0103 ad\u0103uga\u021bi la un martini.<\/p>\n<p> <a class=\"more-link\" href=\"https:\/\/tao-foods.com\/shop\/product\/bottlegreen-tropical-mango-passionfruit\/\">Read more<\/a><\/p>","protected":false},"featured_media":464,"template":"","meta":[],"product_cat":[21],"product_tag":[],"class_list":{"0":"post-463","1":"product","2":"type-product","3":"status-publish","4":"has-post-thumbnail","6":"product_cat-bottlegreen","8":"first","9":"instock","10":"shipping-taxable","11":"product-type-simple"},"_links":{"self":[{"href":"https:\/\/tao-foods.com\/shop\/wp-json\/wp\/v2\/product\/463","targetHints":{"allow":["GET"]}}],"collection":[{"href":"https:\/\/tao-foods.com\/shop\/wp-json\/wp\/v2\/product"}],"about":[{"href":"https:\/\/tao-foods.com\/shop\/wp-json\/wp\/v2\/types\/product"}],"wp:featuredmedia":[{"embeddable":true,"href":"https:\/\/tao-foods.com\/shop\/wp-json\/wp\/v2\/media\/464"}],"wp:attachment":[{"href":"https:\/\/tao-foods.com\/shop\/wp-json\/wp\/v2\/media?parent=463"}],"wp:term":[{"taxonomy":"product_cat","embeddable":true,"href":"https:\/\/tao-foods.com\/shop\/wp-json\/wp\/v2\/product_cat?post=463"},{"taxonomy":"product_tag","embeddable":true,"href":"https:\/\/tao-foods.com\/shop\/wp-json\/wp\/v2\/product_tag?post=463"}],"curies":[{"name":"wp","href":"https:\/\/api.w.org\/{rel}","templated":true}]}}